{"id":538,"date":"2023-02-17T15:37:47","date_gmt":"2023-02-17T14:37:47","guid":{"rendered":"https:\/\/winter-bauconcept.de\/wp23\/?page_id=538"},"modified":"2024-04-17T15:40:53","modified_gmt":"2024-04-17T13:40:53","slug":"kontakt","status":"publish","type":"page","link":"https:\/\/winter-bauconcept.de\/wp23\/kontakt\/","title":{"rendered":"Kontakt"},"content":{"rendered":"\n<style type=\"text\/css\" data-created_by=\"avia_inline_auto\" id=\"style-css-av-9xbua-55c0e5e92e8e2d85a20336f94ca7612e\">\n.avia-section.av-9xbua-55c0e5e92e8e2d85a20336f94ca7612e .av-section-color-overlay{\nopacity:0.5;\n}\n<\/style>\n<div id='av_section_1'  class='avia-section av-9xbua-55c0e5e92e8e2d85a20336f94ca7612e main_color avia-section-default avia-no-border-styling  avia-builder-el-0  avia-builder-el-no-sibling  avia-bg-style-scroll av-section-color-overlay-active container_wrap fullsize'  ><div class=\"av-section-color-overlay-wrap\"><div class=\"av-section-color-overlay\"><\/div><div class='container av-section-cont-open' ><main  role=\"main\" itemprop=\"mainContentOfPage\"  class='template-page content  av-content-full alpha units'><div class='post-entry post-entry-type-page post-entry-538'><div class='entry-content-wrapper clearfix'>\n\n<style type=\"text\/css\" data-created_by=\"avia_inline_auto\" id=\"style-css-av-bm776-48c525a93516c02370c080a9e83bc35f\">\n#top .av-special-heading.av-bm776-48c525a93516c02370c080a9e83bc35f{\npadding-bottom:10px;\n}\nbody .av-special-heading.av-bm776-48c525a93516c02370c080a9e83bc35f .av-special-heading-tag .heading-char{\nfont-size:25px;\n}\n.av-special-heading.av-bm776-48c525a93516c02370c080a9e83bc35f .av-subheading{\nfont-size:15px;\n}\n<\/style>\n<div  class='av-special-heading av-bm776-48c525a93516c02370c080a9e83bc35f av-special-heading-h3  avia-builder-el-1  el_before_av_one_fourth  avia-builder-el-first '><h3 class='av-special-heading-tag '  itemprop=\"headline\"  >Kontakt<\/h3><div class=\"special-heading-border\"><div class=\"special-heading-inner-border\"><\/div><\/div><\/div>\n<div  class='flex_column av-ov2my-c4d4dab4f3b28ed1b26877bb02b35b25 av_one_fourth  avia-builder-el-2  el_after_av_heading  el_before_av_one_half  first flex_column_div  '     ><\/div><div  class='flex_column av-1zj9e-74814ab9a0e28a33d15d89e8dcf0e853 av_one_half  avia-builder-el-3  el_after_av_one_fourth  el_before_av_one_fourth  flex_column_div  '     ><form action=\"https:\/\/winter-bauconcept.de\/wp23\/kontakt\/\" method=\"post\" data-fields-with-error=\"Fehler wurden in folgenden Feld(ern) gefunden:\" class=\"avia_ajax_form av-form-labels-visible   avia-builder-el-4  avia-builder-el-no-sibling   \" data-avia-form-id=\"1\" data-avia-redirect='' ><h3 class=''>Bitte senden Sie uns Ihre Nachricht<\/h3><fieldset><p class='  first_form  form_element form_fullwidth' id='element_avia_1_1'><label for=\"avia_1_1\">Anrede (Auswahl)<\/label><select  name=\"avia_1_1\" class=\"select \" id=\"avia_1_1\"><option   value='Frau'>Frau<\/option><option   value='Herr'>Herr<\/option><\/select><\/p><p class='  first_form  form_element form_fullwidth' id='element_avia_2_1'><label for=\"avia_2_1\">Vorname und Name <abbr class=\"required\" title=\"ben\u00f6tigt\">*<\/abbr><\/label> <input name=\"avia_2_1\" class=\"text_input is_empty\" type=\"text\" id=\"avia_2_1\" value=\"\" \/><\/p><p class='  first_form  form_element form_fullwidth' id='element_avia_3_1'><label for=\"avia_3_1\">E-Mail <abbr class=\"required\" title=\"ben\u00f6tigt\">*<\/abbr><\/label> <input name=\"avia_3_1\" class=\"text_input is_email\" type=\"text\" id=\"avia_3_1\" value=\"\" \/><\/p><p class='  first_form  form_element form_fullwidth' id='element_avia_4_1'><label for=\"avia_4_1\">Ihre Telefonnummer <abbr class=\"required\" title=\"ben\u00f6tigt\">*<\/abbr><\/label> <input name=\"avia_4_1\" class=\"text_input is_phone\" type=\"text\" id=\"avia_4_1\" value=\"\" \/><\/p><p class='  first_form  form_element form_fullwidth' id='element_avia_5_1'><label for=\"avia_5_1\" class=\"textare_label hidden textare_label_avia_5_1\">Ihre Nachricht an uns: <abbr class=\"required\" title=\"ben\u00f6tigt\">*<\/abbr><\/label><textarea  name=\"avia_5_1\" class=\"text_area is_empty\" cols=\"40\" rows=\"7\" id=\"avia_5_1\" ><\/textarea><\/p><div id='avia_6_1' class='av-form-text'><p>\n<span class=\"contact-misc\"><strong>Hinweise zum Datenschutz<\/strong><\/span><\/p>\n<p>Die pers\u00f6nlichen- oder Firmendaten, die Sie uns durch dieses Formular zukommen lassen, werden inklusive der von Ihnen angegebenen Kontaktdaten zwecks Bearbeitung der Anfrage und f\u00fcr den Fall von Anschlussfragen bei uns gespeichert. Diese Daten geben wir nicht an Dritte weiter. Nach Beendigung der Zusammenarbeit l\u00f6schen wir diese Daten. Sollte es zu keiner Zusammenarbeit kommen l\u00f6schen wir die Daten selbstverst\u00e4ndlich auch. Desweiteren haben Sie jederzeit die M\u00f6glichkeit Ihr Einverst\u00e4ndnis schriftlich per Mail zu widerrufen. Auch in diesem Falle erfolgt die sofortige L\u00f6schung Ihrer Daten aus unserem System.<\/p>\n<p>Sie erkl\u00e4ren ausdr\u00fccklich Ihr Einverst\u00e4ndnis zur Erhebung und tempor\u00e4ren Speicherung Ihrer Daten zum Zwecke der gew\u00fcnschten Kommunikation mit unserem Unternehmen. Desweiteren erkl\u00e4ren Sie den Datenschutzhinweis gelesen, verstanden und akzeptiert zu haben.<\/p>\n<\/div><p class='  first_form  form_element form_fullwidth' id='element_avia_7_1'><input  name=\"avia_7_1\" class=\"input_checkbox is_empty\" type=\"checkbox\" id=\"avia_7_1\" value=\"true\"\/><label class=\"input_checkbox_label\" for=\"avia_7_1\">Mit den Datenschutzhinweisen bin ich einverstanden <abbr class=\"required\" title=\"ben\u00f6tigt\">*<\/abbr><\/label><\/p><p class=\"hidden\"><input type=\"text\" name=\"avia_8_1\" class=\"hidden \" id=\"avia_8_1\" value=\"\" \/><\/p><p class='   form_element form_fullwidth' id='element_avia_9_1'><span class='value_verifier_label'>0 + 3 = ?<\/span><input name=\"avia_9_1_verifier\" type=\"hidden\" id=\"avia_9_1_verifier\" value=\"622345563\"\/><label for=\"avia_9_1\">Bitte l\u00f6se die Gleichung. Diese Ma\u00dfnahme dient der Abwehr von Spam <abbr class=\"required\" title=\"ben\u00f6tigt\">*<\/abbr><\/label><input name=\"avia_9_1\" class=\"text_input captcha\" type=\"text\" id=\"avia_9_1\" value=\"\"\/><\/p><p class=\"form_element \"><input type=\"hidden\" value=\"1\" name=\"avia_generated_form1\" \/><input type=\"submit\" value=\"Senden\" class=\"button\"  data-sending-label=\"Sende\"\/><\/p><\/fieldset><\/form><div id=\"ajaxresponse_1\" class=\"ajaxresponse ajaxresponse_1 hidden\"><\/div><\/div><div  class='flex_column av-7e34a-34b14d757cb7e6d9b5b35b20efa2e1ab av_one_fourth  avia-builder-el-5  el_after_av_one_half  avia-builder-el-last  flex_column_div  '     ><\/div>\n","protected":false},"excerpt":{"rendered":"","protected":false},"author":1,"featured_media":0,"parent":0,"menu_order":0,"comment_status":"closed","ping_status":"closed","template":"","meta":{"_monsterinsights_skip_tracking":false,"_monsterinsights_sitenote_active":false,"_monsterinsights_sitenote_note":"","_monsterinsights_sitenote_category":0,"footnotes":""},"class_list":["post-538","page","type-page","status-publish","hentry"],"aioseo_notices":[],"_links":{"self":[{"href":"https:\/\/winter-bauconcept.de\/wp23\/wp-json\/wp\/v2\/pages\/538","targetHints":{"allow":["GET"]}}],"collection":[{"href":"https:\/\/winter-bauconcept.de\/wp23\/wp-json\/wp\/v2\/pages"}],"about":[{"href":"https:\/\/winter-bauconcept.de\/wp23\/wp-json\/wp\/v2\/types\/page"}],"author":[{"embeddable":true,"href":"https:\/\/winter-bauconcept.de\/wp23\/wp-json\/wp\/v2\/users\/1"}],"replies":[{"embeddable":true,"href":"https:\/\/winter-bauconcept.de\/wp23\/wp-json\/wp\/v2\/comments?post=538"}],"version-history":[{"count":9,"href":"https:\/\/winter-bauconcept.de\/wp23\/wp-json\/wp\/v2\/pages\/538\/revisions"}],"predecessor-version":[{"id":591,"href":"https:\/\/winter-bauconcept.de\/wp23\/wp-json\/wp\/v2\/pages\/538\/revisions\/591"}],"wp:attachment":[{"href":"https:\/\/winter-bauconcept.de\/wp23\/wp-json\/wp\/v2\/media?parent=538"}],"curies":[{"name":"wp","href":"https:\/\/api.w.org\/{rel}","templated":true}]}}